+ 5*w = -20. Let l = w + 0. Calculate p(l).
5
Let c(s) be the second derivative of -s**4/6 - 13*s**3/6 + 19*s**2/2 - 55*s. Determine c(-8).
-5
Let b(q) be the first derivative of -12 + q + 7/2*q**2. Calculate b(-1).
-6
Let z(k) = -6*k + 31 - 31 + 0*k. Let x be ((-10)/(-25))/((-2)/5). What is z(x)?
6
Let j = 153 - 147. Let x(r) be the second derivative of -r**5/40 + r**4/4 + r**3/3 - 3*r. Let m(a) be the second derivative of x(a). Determine m(j).
-12
Let y(n) = 3*n + 0*n**2 + 0*n + n**2 + 5 + 4*n. Let x be 712/44 - (-6)/(-33). Let a be (x/(-12))/((-2)/(-6)). What is y(a)?
-7
Let d(i) = 2*i - 4. Suppose h + 3*f = 6*h + 15, 3*h - 3*f = -3. Determine d(h).
-16
Let h(v) = -v**2 - v - 2. Let g be (-33)/(-99)*0/1. Give h(g).
-2
Let b(j) = 0*j - 3 - 2*j + 7*j - 4*j. Calculate b(2).
-1
Suppose -v + 12 + 2 = -4*t, -v - 10 = 4*t. Let a(z) = -186*z**3 + 5*z + 2*z**v + 185*z**3 - z - 4 + 0*z. Let c be 2/(-4)*(-12)/2. Give a(c).
-1
Let l(p) = -9*p - 328. Let u be l(-36). Let n(a) = a**2 + 8*a + 12. Give n(u).
-4
Let g be 180/(-15) + 4/2. Let d(a) = a**3 + 11*a**2 + 9*a - 7. Let p be d(g). Let v(l) = p - 2 - 7 + 3 + 4*l. Calculate v(3).
9
Let n = -133 + 136. Let i(g) = -g**3 + g**2. Let r(o) = o**2 - o - 1. Let w(j) = i(j) + 3*r(j). Determine w(n).
-3
Let i = -30 - -26. Let d(u) = -u**2 - 4*u + 2. What is d(i)?
2
Suppose -18 = -2*x - 3*o, -2*x - 3*x + 2*o + 64 = 0. Let n be (x + 2)/(-2 + 0). Let g(z) = -z**2 - 8*z - 7. What is g(n)?
0
Let c(a) be the third derivative of -1/12*a**4 + 1/2*a**3 - 1/120*a**5 - 4*a**2 + 0 + 0*a. Let d(f) be the first derivative of c(f). Calculate d(-4).
2
Let m(a) = 2*a**2 + 5*a + 4. Suppose b = -4*l - 7, 2*b + 8 = -4*l - 2. Determine m(b).
7
Let c(m) = -8*m**3 - m**2. Suppose -4*o + 5*b - 33 = 0, 7 = 4*o + 3*b - 0. Suppose -8 = 3*i + 22. Let d be i/15 - o/(-6). Calculate c(d).
7
Let h(w) = -18*w - 4. Let q = 822 + -823. What is h(q)?
14
Let n(o) = -37*o**3 + 3*o**2 - 11*o - 9. Let l(q) = 21*q**3 - q**2 + 6*q + 5. Let u(s) = 7*l(s) + 4*n(s). Determine u(3).
11
Let y(i) be the second derivative of -2*i**3/3 + 2*i**2 - 3*i. Let t(f) = -f**3 - 2*f**2 + 3*f - 5. Let v be t(-4). Suppose 4*o - 9*o + v = 0. Determine y(o).
-8
Let a(f) = -f**3 - 9*f**2 - 8*f. Let p be (-3)/(27/60) - 168/126. Give a(p).
0
Let z = 1187 + -317. Let r(i) = z*i - 437*i - 2 - 436*i. Calculate r(-5).
13
Suppose 0 = 44*f - 65*f + 63. Let t(b) be the first derivative of -b**3/3 + 2*b**2 + 4*b - 2. Calculate t(f).
7
Let q(u) be the first derivative of -5*u - 5/2*u**2 - 1/3*u**3 + 15. Determine q(-4).
-1
Let o(j) = 2*j - 4. Suppose 0 = -2*i - 8 - 6. Let v = i - -10. Calculate o(v).
2
Let s(o) = 3*o**3 + 6*o**2 - 15*o - 17. Let a(y) = 13*y**3 + 21*y**2 - 60*y - 67. Let n(p) = 2*a(p) - 9*s(p). Give n(-13).
-7
Let b(z) = z**3 + z + 3. Let a = -375 - -375. Determine b(a).
3
Let b = 5 - 1. Suppose b = 2*x - 2. Let v(s) = 3*s - 2*s - x*s - 5*s**3 + 2 - 1 + 2*s**2. Determine v(1).
-4
Let g(l) = -l**3 - 4*l**2 + 12*l + 1. Let u be 0/144 - (-6)/(-1). Determine g(u).
1
Let w(m) = 2*m**2 + 10 + 10 + 20 - 36 + 8*m. What is w(-5)?
14
Let l(f) be the first derivative of f**4/12 + 5*f**3/6 + 20*f + 6. Let c(n) be the first derivative of l(n). Determine c(-3).
-6
Suppose 11 = 4*a - 13. Suppose -p + a = p, -5*f = 4*p - 32. Let y = -4 + f. Let l(m) = m + 7. Determine l(y).
7
Let y(x) be the first derivative of x**2 + x + 21. Let g(p) = p**3 + 9*p**2 + 3. Suppose -q + 27 = -4*q. Let r be g(q). What is y(r)?
7
Let c(u) = u + 3. Let p = -100 + 142. Suppose 4*l - p = 10*l. Give c(l).
-4
Suppose -3*y + 7*y + 2*t - 16 = 0, 5*y - 20 = 5*t. Suppose -y*g = g - 25. Let k = -4 + g. Let d(i) = 7*i - 1. What is d(k)?
6
Let b be 4 + 14 + 0 + 4. Let t = b + -18. Suppose -5*a = -5*m + 45, -3*a = -m - t*m + 35. Let x(i) = i**3 + 6*i**2 + 7*i + 4. Give x(a).
-6
Let c(m) be the second derivative of -m**3/6 - 4*m**2 + 2*m + 3. Suppose 2*i = -2*i - 24. What is c(i)?
-2
Let t(k) = 3*k**2 - 16*k**3 + 17*k**3 - 9*k**2 - 6 + 7*k. Let p(o) = -o**3 - 6*o**2 - o - 2. Let i be p(-6). Give t(i).
-10
Let g(i) = i**2 + i + 1. Let c be 3/(-2) + 6/(-12). Let b(v) = v**2 + 10*v. Let l(p) = c*g(p) + b(p). Give l(7).
5
Let r(m) = 11*m - 4*m - 9*m. Suppose -4*l - 2*z - 3*z = -18, 26 = 4*l + z. Suppose -11 = -5*s - 4*y + 2*y, 3*s - l = -y. Determine r(s).
-6
Let s(v) = -7*v - 5. Let l = 134 - 139. Determine s(l).
30
Let y(t) be the first derivative of t**6/120 - t**5/15 - 5*t**4/24 - 7*t**3/6 - t**2 + 2. Let z(o) be the second derivative of y(o). What is z(5)?
-7
Let y be 16/(-6)*6/(-4). Let d be (y + -2)/((-18)/(-45)). Let o(s) = s**2 - 5*s + 7. Give o(d).
7
Let u(k) = 5*k - 6. Let d = 1 - 3. Let h be d/3 + 4*(-102)/(-72). Determine u(h).
19
Let g(t) = -27*t**3 - 12*t**3 - 8 + 7 + 101*t - 103*t. Give g(-1).
40
Let w(n) = 3*n + 16. Let p be w(-4). Let y(s) = -3 + 7 - p*s - 4*s + 9*s. Calculate y(-9).
-5
Suppose 45*d + 131 = -4. Let t(w) = -w - 5. Calculate t(d).
-2
Suppose 2*t = 5*w - 4*w - 6, -4*w + 24 = -5*t. Suppose 3*v - w*v + 24 = 2*n, -12 = -v - 2*n. Let f(i) = -i - 6 - 2*i + 12*i - v*i. Calculate f(5).
9
Let k(c) = c**2 + c - 1. Suppose -4*s - 23 + 23 = 0. Let x be k(s). Let q(u) = u**3. Determine q(x).
-1
Let s(x) = x**3 + 3*x**2 - 5*x - 5. Let q be s(-4). Let t(g) be the third derivative of -g**6/20 + g**5/30 + g**4/12 + g**3/6 - 24*g**2 + 1. Give t(q).
7
Let y be 3/(-9) + 44/(-12). Let r(o) = 3*o**2 + 23*o - 26. Let d(f) = 8*f - 4 - 4 + f**2 - 1. Let a(i) = -11*d(i) + 4*r(i). Determine a(y).
-5
Let z(y) = y**2 + 4*y - 3. Suppose 0 = 4*d - 2*d - 4*t - 6, -5*d - 2*t = -75. Let i(o) = -o**2 + 15*o - 31. Let q be i(d). Determine z(q).
2
Let a be 3 - (2 - 12/(-3)). Let t(d) be the third derivative of -d**5/60 - d**4/12 + d**3/2 - 114*d**2 + 1. Give t(a).
0
Let l = -78 - -82. Let k(s) = -3*s**3 + 27*s**2 - 29*s**2 - 5*s + s**3 + l*s + 1. Determine k(-2).
11
Let k(u) be the first derivative of 0*u - 6 + 1/24*u**4 + 5/2*u**2 - 5/6*u**3. Let a(p) be the second derivative of k(p). Determine a(6).
1
Let n(x) = x**2 - 6*x + 6. Suppose -2*m = -6*m - 4*y, 2*m = 5*y. Suppose l - 4 - 4 = -2*g, -2*g + 4 = m. Give n(l).
-2
Suppose 0 = -5*b + b + 48. Suppose 7*o = -6*o + 65. Suppose -2*z = -o*i - b, -5*i - 24 = -0*i + z. Let r(t) = -3*t - 2. Give r(i).
10
Suppose 47 = -5*i + 17. Let j(o) = 4 + 0 - 101*o + 6 + 98*o. Let v(b) = 2*b - 9. Let d(h) = 3*j(h) + 4*v(h). Determine d(i).
0
Let y(p) = 20*p - 16. Let m(d) = -28*d + 11. Let q(b) = -7*b + 3. Let o(z) = 2*m(z) - 9*q(z). Let f(k) = -17*o(k) + 6*y(k). Give f(11).
0
Let l(v) = -v + 0*v - 3*v + 2*v + v. Let n be (-2)/(-10) - (-98)/10. Determine l(n).
-10
Suppose 3*j - 5*j + 5*w = 0, -5*j + 2*w = -42. Let b(y) = y**3 + 0*y**3 + 4 + 11*y**2 - 9*y**3 - 6*y**3 - 10*y + 13*y**3. Give b(j).
4
Suppose 5*u - 3*b - 10 = 7*u, -3*u = -5*b - 23. Let r(j) be the third derivative of 7*j**4/12 - j**3/6 - 2*j**2. Give r(u).
13
Suppose 0 = -4*a - 23 + 43. Let d(h) = 2*h**3 - 11*h**2 - 9*h + 7. Let v(p) = -3*p**3 + 16*p**2 + 14*p - 10. Let s(q) = 7*d(q) + 5*v(q). What is s(a)?
-16
Let k(t) = -2*t + 126*t**2 - 129*t**2 + 2*t. Give k(-2).
-12
Let n(j) = 4*j**2 + 24*j**3 + 2 - 9*j**3 - 5*j**3 - 11*j**3 - 4*j. Give n(4).
-14
Let z(y) = y + 2. Suppose 0 = -5*k + 3*k + 8. Suppose 3 = k*t - 33. Suppose 2*v - 2*m - 2 = 0, 0*v - t = -4*v + 5*m. Calculate z(v).
-2
Let c(z) be the second derivative of z**3/3 + z**2/2 - 44*z + 4. Let l(v) = v + 2. Let i be l(-5). Calculate c(i).
-5
Let m(z) = z - 4. Let w be m(6). Let g(b) = -10 - 341*b**w + 6*b + 342*b**2 + b. Give g(-8).
-2
Let c be -3*(-3)/18*2 - -3. Let k = 11 - 9. Let g(a) = a**3 - 3*a**2 - 4*a + 7*a + 0*a**2 - 2*a**k. Determine g(c).
-4
Let d(z) = -z + 14. Suppose -51*q + 282 = -24. Give d(q).
8
Let q(j) be the second derivative of -j**5/20 + j**4/12 + j**3/6 - j**2/2 + 4*j. Let r be q(1). Let c(y) = r*y - 2 + 2*y + 2. Calculate c(5).
10
Let a be (-2)/(-4)*4/2. Let f be 0*a/(-2)*-1. Let s(r) be the third derivative of r**4/24 + 5*r**3/6 + 5061*r**2 + 2. What is s(f)?
5
Let n(r) be the third derivative of -7*r**6/360 - r**5/60 - r**4/24 - 8*r**3/3 - 11*r**2. Let o(j) be the first derivative of n(j). Calculate o(-1).
-6
Let q(x) = -67*x - 556. Let h be q(-8). Let j(p) = -p - 13. Determine j(h).
7
Let g(k) = k - 16. Let b = 7 + 8. Let a be -3*(-20)/b*2.